7*n**2/2 + 5*n. Is i(8) a prime number?
False
Suppose -14 = 13*s - 1. Is (s/(-2) - 3)*(-164 + 6) a composite number?
True
Let l(v) = 376*v + 49. Is l(3) prime?
False
Suppose -2*k + 2*j + 6522 = -3*j, 0 = -4*k + 5*j + 13024. Is k a composite number?
False
Let a be -1 - (-1 - -1 - 3). Suppose -2*t = 3*g, -g - 9 = a*g - t. Is (2 + (-7)/2)*g composite?
False
Let u be 0/5 + -1*3. Let n be (0/u)/(0 + -1). Suppose n = -3*k + 2 + 139. Is k composite?
False
Let w(i) = i**3 - i. Let k(v) = 171*v**3 - 5*v - 5. Let b(l) = -k(l) + w(l). Is b(-3) a prime number?
True
Let a be (1 - 2)*(8 - 11). Suppose -x + v + 1369 = 3*v, a*x - 4079 = v. Is x a composite number?
False
Let f(s) = -s**2 + 11*s - 14. Let w be f(9). Let q(l) = 82*l + 7. Is q(w) prime?
False
Let l(z) be the first derivative of 5*z**2/2 - 3*z + 6. Let a be 21/14*(-16)/(-3). Is l(a) a prime number?
True
Let t(k) = 20*k**2 + 7*k + 16. Let z(r) = r**2 - 5. Let f be z(0). Is t(f) composite?
True
Let i = 266 + -133. Is i a prime number?
False
Let y(d) = d**3 - 11*d**2 + 26*d + 11. Let g be y(-10). Let o = g + 3998. Is o prime?
False
Let y(t) = -t**2 - t + 469. Let u be (0 - 0)/(-15 - -16). Suppose 3*v - 3*q = 4*v - 12, u = v + q - 4. Is y(v) composite?
True
Suppose -37*o = 77*o - 4686882. Is o a prime number?
True
Suppose 18 = -0*k - k. Let p = k + 33. Is p composite?
True
Let b be (-20)/(-9) + 4/(-18). Let w be (-18)/(-90) - ((-14)/5 - 2). Is (-58)/(-4 + (w - b)) composite?
True
Suppose 0 = 2*o + 2, h = -3*h + 5*o - 43. Let f = -9 - h. Suppose f*d - 965 = 868. Is d prime?
False
Suppose 3*o = -12*v + 9*v - 3984, 0 = o - 2. Let i = 2241 + v. Is i composite?
False
Suppose -v + 1 = 4*l - 5*l, l - 3*v = -7. Let p(d) = -672*d**3 + d**2 + 2. Let f be p(l). Is f/(-70) + 2/7 a composite number?
True
Let f(n) = -n**2 - 6. Let z be f(0). Let m = -8 - z. Is 1 + 2 - 212/m a composite number?
False
Suppose 5*d - p = 62, -5*d + 54 = p + 2*p. Let l be 32/(-6)*d/8. Let v(y) = -7*y - 1. Is v(l) composite?
True
Is (-2 + (-49)/(-21))*(8921 + 1) prime?
False
Let n(q) = -11*q**3 + 3*q**2 - 7*q - 10. Let m be n(6). Let o = m + 3393. Is o a composite number?
True
Let u(j) = -6*j**3 - 6*j**2 + 15*j + 56. Is u(-11) a composite number?
False
Suppose -24*q - 2915 = -25*q + 5*j, -3*j - 11728 = -4*q. Is q a prime number?
False
Suppose -2291 = -17*i + 9626. Is i prime?
True
Is 1 - -3*(6 - 0) composite?
False
Let j = 14 + 36. Let s be 2 + (-6)/2 + j. Suppose -r = -5*p - s, p - 64 = -r + 9. Is r a composite number?
True
Suppose 4423 = 5*c - 4*i, -4*i + 4666 = 5*c + 219. Is c a prime number?
True
Let h(a) = 3*a**2 + 37*a - 25. Let s(q) = -3*q**2 - 36*q + 26. Let u(v) = -3*h(v) - 4*s(v). Is u(15) composite?
True
Let y(p) = 5*p**2 + 20 - 3 - 6*p**2 - 3*p. Let r be y(-7). Let o(h) = -38*h + 4. Is o(r) prime?
False
Let l(v) = -77*v - 9. Let o be l(-15). Suppose 3*z = o - 9. Is z a composite number?
False
Let h(n) = 4*n**2 + 1. Let b be h(-1). Let i(p) = 49*p - 6. Let r be i(4). Suppose 25 = b*w - r. Is w a composite number?
False
Suppose 8*q + 2*q = 33310. Let g = q - 1944. Is g a prime number?
False
Let c be (-3)/(-5) + ((-14376)/(-15) - -3). Suppose c + 632 = 2*w - 4*m, 3*m = -4*w + 3188. Is w a composite number?
False
Suppose 75 = 2*m + 287. Let c be 579/(-12) + (-3)/4. Let z = c - m. Is z prime?
False
Let j = -7 + 12. Suppose 0 = a + 3*f - 45, 2*a = j*f - 3*f + 58. Is a a composite number?
True
Suppose 3*w + 4*d - 10338 = 0, 709 + 2742 = w + 3*d. Is w prime?
False
Let i(h) = 2*h**2 + 8*h + 7617. Is i(0) a composite number?
True
Suppose -2*a = -4*a - 12. Let m(q) be the third derivative of -q**6/60 - q**5/30 + q**4/6 - 5*q**3/6 + 168*q**2. Is m(a) a composite number?
False
Suppose 2*z = -7*j + 3*j - 1224, -j + 1224 = -2*z. Let a = 959 + z. Is a a prime number?
True
Suppose 0 = -4*b + 20 - 12. Let o be ((-15)/(-6))/(b/(-4)). Is (-638)/o - 33/55 prime?
True
Let t(j) = 871*j**2 - 17*j - 1. Let f(k) = -1742*k**2 + 33*k + 2. Let u(z) = -6*f(z) - 11*t(z). Is u(-2) prime?
False
Let j = 561 + 61. Is j a composite number?
True
Suppose -5*z = -64 - 526. Let c = 425 - z. Is c a composite number?
False
Let s = -84788 - -264811. Is s a composite number?
False
Let o(z) = -z**2 - 7*z + 9. Let g be o(-8). Suppose -5*s - b = -g, 0 = -3*s + 2*b + 3*b - 5. Suppose s = -0*p + p - 2. Is p a composite number?
False
Let l = 8 + -9. Is (-4029)/(-4) + l/4 prime?
False
Suppose 8*l = 3*l - 235. Let c = l + 87. Is (-9)/3 + c/1 a composite number?
False
Suppose 0 = -7*q - 186 + 16923. Is q composite?
True
Suppose -3*f = -1510 + 274. Suppose y - m = 206, f = 2*y - 2*m + 6*m. Is y a composite number?
True
Suppose -a - 2*r + 5029 = -3*r, 0 = -5*a - 4*r + 25181. Is a a prime number?
False
Suppose -5*x + 18794 = m, 3*x - 56984 - 18243 = -4*m. Is m a prime number?
False
Let v(z) = 30*z**2 + 15*z + 13. Let a(y) = 2*y**2 - y - 11. Let c be a(-3). Is v(c) composite?
False
Suppose 0 = 5*r - 3*w + 254, -9 = -3*w - 0*w. Let s = -11 + r. Let u = s - -203. Is u a composite number?
True
Let m(p) = p + 3. Let f be m(-7). Let b(t) = -29*t + 3. Is b(f) composite?
True
Let h(k) = 23*k**3 + 32*k + 36. Is h(7) a prime number?
False
Let h(r) = -r**3 - 12*r - 2. Let g be h(-12). Let i = 3125 - g. Is i a prime number?
False
Suppose -153*k + 114*k = -628953. Is k a composite number?
False
Suppose 4*x - 4497 - 16019 = 0. Let o = -1308 + x. Is o composite?
False
Let d = -82 + 124. Is 16662/d - (-6)/21 composite?
False
Suppose 3*n = 2*i + 86963, -2*i - 9340 = 2*n - 67322. Suppose -8*q + n - 613 = 0. Is q a prime number?
True
Suppose -2*v + 4 = -4*m, -3*v - 1 = -2*m - 11. Suppose -4*b = v*d - 24, 2*d - 24 = -0*d + 2*b. Let g(t) = -t**3 + 9*t**2 + 8*t - 13. Is g(d) composite?
False
Suppose 36939 = 5*b - 11756. Is b a prime number?
True
Let n = 33014 + 3237. Is n a prime number?
True
Suppose -2*y + 898 = -576. Is y prime?
False
Let u(g) = 3*g - 3. Let q be u(2). Let r(p) = -8 + 0 + 2*p + q. Is r(9) a prime number?
True
Is -121551*(-3 - -1) - (19 - 20) prime?
False
Let q(r) = r**2 - r - 5. Let a be q(-3). Suppose a*c + 4*l = 4*c + 6, 2*c - 2*l - 4 = 0. Is (-4 + 660/8)*c a composite number?
False
Suppose 0 = -l - k + 10, 0 = -l - k + 3*k + 7. Let v = l - -370. Is v a composite number?
False
Let y be -3 + (6 - 1) + -982. Let v = 2011 + y. Is v composite?
False
Suppose 92526 = 11*g + 3*g. Suppose g = 222*h - 219*h. Is h a composite number?
False
Suppose 0 = -2*t - 1 + 5. Suppose t*w - 194 = 252. Is w prime?
True
Suppose -t - 6 = -4*t. Suppose 214 = 3*c - t*c. Suppose 2*l - l - 40 = -5*p, -4*l - 2*p = -c. Is l composite?
True
Let k(w) = w**2 - 5*w + 6. Let u be k(3). Suppose -i = -u*i - 807. Is i composite?
True
Let q(y) = 5*y**2 + 6 + 4*y - 2*y**2 - 2*y**2 - 11*y. Let d be q(6). Suppose 2*h = -x + 107, 4*x - 3*h + d*h - 439 = 0. Is x prime?
True
Let n be (1765/(-2) + 0)*2*1. Let r = -888 - n. Is r a prime number?
True
Suppose x + x + 90 = 3*y, -148 = -5*y + 4*x. Let c be (56/(-8))/(0 - (-2)/6). Let i = y + c. Is i a prime number?
True
Let k be ((-27)/18)/(1/(-2) + 0). Suppose k*p + 4*u = p + 5558, -2*u + 8349 = 3*p. Is p composite?
True
Let f be ((-7)/21)/((-1)/(-21)). Let i(w) = -85*w + 40. Is i(f) a prime number?
False
Let y(x) = -53*x + 159. Is y(-14) a composite number?
True
Suppose -3*d + 8*d + 10 = 0. Is ((-20)/8*148)/d prime?
False
Is (-4 - (-3 + (-8529)/6))*2 composite?
True
Let l(h) = -9 + 18*h + 2 + 72*h. Suppose -2*b - 5*c + 25 = -0*b, 5*b - 3*c - 16 = 0. Is l(b) prime?
True
Suppose 5*k + 4*r = -16, -k - 4*r + 20 = -9*r. Suppose 2*v + k*v - 2*g = 376, 0 = 3*v + 5*g - 588. Is v a prime number?
True
Suppose -3*g + 17392 = -173339. Is g a composite number?
False
Let k(p) = 9*p**2 - 2*p - 2. Let b be k(-1). Let n be (183/b + -1)*-3. Let f = 235 + n. Is f composite?
True
Let x(r) = -5*r - 15. Let b(k) = -k**2 - 2. Let t be b(-5). Let m be t/6*(-20)/(-15). Is x(m) a prime number?
False
Suppose 2*y + c = -3*c + 25050, 4*y - 50078 = 3*c. Is y prime?
False
Let f(a) = 173*a + 13. Let g(j) = -521*j - 38. Let p(z) = 7*f(z) + 2*g(z). Is p(4) prime?
True
Let u(x) = -x + 3. Let i be u(6). Let k be ((-452)/(-6))/((-2)/i). Suppose 2*f - f = k. Is f composite?
False
Suppose -2*t + 38 + 260 = 0. Let o = t - 70. Is o composite?
False
Suppose -16 - 2 = 3*m. Let o(q) = -2*q - 6. Let j be o(m). Let n(z) 